{"id":633,"date":"2020-10-13T09:00:26","date_gmt":"2020-10-13T09:00:26","guid":{"rendered":"http:\/\/localhost\/razzi\/?page_id=633"},"modified":"2025-11-08T14:23:14","modified_gmt":"2025-11-08T12:23:14","slug":"o-nas","status":"publish","type":"page","link":"https:\/\/milahurt.com\/index.php\/o-nas\/","title":{"rendered":"O Nas"},"content":{"rendered":"\t\t<div data-elementor-type=\"wp-page\" data-elementor-id=\"633\" class=\"elementor elementor-633\">\n\t\t\t\t\t\t<section class=\"elementor-section elementor-top-section elementor-element elementor-element-695d9620 elementor-section-boxed elementor-section-height-default elementor-section-height-default\" data-id=\"695d9620\" data-element_type=\"section\">\n\t\t\t\t\t\t<div class=\"elementor-container elementor-column-gap-extended\">\n\t\t\t\t\t<div class=\"elementor-column elementor-col-50 elementor-top-column elementor-element elementor-element-3ab8bd90\" data-id=\"3ab8bd90\" data-element_type=\"column\">\n\t\t\t<div class=\"elementor-widget-wrap elementor-element-populated\">\n\t\t\t\t\t\t<div class=\"elementor-element elementor-element-79de2f57 elementor-widget elementor-widget-image\" data-id=\"79de2f57\" data-element_type=\"widget\" data-widget_type=\"image.default\">\n\t\t\t\t<div class=\"elementor-widget-container\">\n\t\t\t<style>\/*! elementor - v3.19.0 - 26-02-2024 *\/\n.elementor-widget-image{text-align:center}.elementor-widget-image a{display:inline-block}.elementor-widget-image a img[src$=\".svg\"]{width:48px}.elementor-widget-image img{vertical-align:middle;display:inline-block}<\/style>\t\t\t\t\t\t\t\t\t\t<img fetchpriority=\"high\" decoding=\"async\" width=\"640\" height=\"426\" src=\"https:\/\/milahurt.com\/wp-content\/uploads\/2025\/11\/hangers-1850082_1280-1024x682.jpg\" class=\"attachment-large size-large wp-image-302304\" alt=\"\" srcset=\"https:\/\/milahurt.com\/wp-content\/uploads\/2025\/11\/hangers-1850082_1280-1024x682.jpg 1024w, https:\/\/milahurt.com\/wp-content\/uploads\/2025\/11\/hangers-1850082_1280-300x200.jpg 300w, https:\/\/milahurt.com\/wp-content\/uploads\/2025\/11\/hangers-1850082_1280-768x512.jpg 768w, https:\/\/milahurt.com\/wp-content\/uploads\/2025\/11\/hangers-1850082_1280-600x400.jpg 600w, https:\/\/milahurt.com\/wp-content\/uploads\/2025\/11\/hangers-1850082_1280.jpg 1280w\" sizes=\"(max-width: 640px) 100vw, 640px\" \/>\t\t\t\t\t\t\t\t\t\t\t\t\t<\/div>\n\t\t\t\t<\/div>\n\t\t\t\t\t<\/div>\n\t\t<\/div>\n\t\t\t\t<div class=\"elementor-column elementor-col-50 elementor-top-column elementor-element elementor-element-6e3daedb\" data-id=\"6e3daedb\" data-element_type=\"column\">\n\t\t\t<div class=\"elementor-widget-wrap elementor-element-populated\">\n\t\t\t\t\t\t<div class=\"elementor-element elementor-element-5904d5cf elementor-widget elementor-widget-heading\" data-id=\"5904d5cf\" data-element_type=\"widget\" data-widget_type=\"heading.default\">\n\t\t\t\t<div class=\"elementor-widget-container\">\n\t\t\t<style>\/*! elementor - v3.19.0 - 26-02-2024 *\/\n.elementor-heading-title{padding:0;margin:0;line-height:1}.elementor-widget-heading .elementor-heading-title[class*=elementor-size-]>a{color:inherit;font-size:inherit;line-height:inherit}.elementor-widget-heading .elementor-heading-title.elementor-size-small{font-size:15px}.elementor-widget-heading .elementor-heading-title.elementor-size-medium{font-size:19px}.elementor-widget-heading .elementor-heading-title.elementor-size-large{font-size:29px}.elementor-widget-heading .elementor-heading-title.elementor-size-xl{font-size:39px}.elementor-widget-heading .elementor-heading-title.elementor-size-xxl{font-size:59px}<\/style><h6 class=\"elementor-heading-title elementor-size-default\">INFORMACJE O SKLEPIE<\/h6>\t\t<\/div>\n\t\t\t\t<\/div>\n\t\t\t\t<div class=\"elementor-element elementor-element-56e64a63 elementor-widget elementor-widget-heading\" data-id=\"56e64a63\" data-element_type=\"widget\" data-widget_type=\"heading.default\">\n\t\t\t\t<div class=\"elementor-widget-container\">\n\t\t\t<h3 class=\"elementor-heading-title elementor-size-default\">Mila Hurt<\/h3>\t\t<\/div>\n\t\t\t\t<\/div>\n\t\t\t\t<div class=\"elementor-element elementor-element-ec0bd3f elementor-widget elementor-widget-text-editor\" data-id=\"ec0bd3f\" data-element_type=\"widget\" data-widget_type=\"text-editor.default\">\n\t\t\t\t<div class=\"elementor-widget-container\">\n\t\t\t<style>\/*! elementor - v3.19.0 - 26-02-2024 *\/\n.elementor-widget-text-editor.elementor-drop-cap-view-stacked .elementor-drop-cap{background-color:#69727d;color:#fff}.elementor-widget-text-editor.elementor-drop-cap-view-framed .elementor-drop-cap{color:#69727d;border:3px solid;background-color:transparent}.elementor-widget-text-editor:not(.elementor-drop-cap-view-default) .elementor-drop-cap{margin-top:8px}.elementor-widget-text-editor:not(.elementor-drop-cap-view-default) .elementor-drop-cap-letter{width:1em;height:1em}.elementor-widget-text-editor .elementor-drop-cap{float:left;text-align:center;line-height:1;font-size:50px}.elementor-widget-text-editor .elementor-drop-cap-letter{display:inline-block}<\/style>\t\t\t\t<p>Maj\u0105c prawie dziesi\u0119\u0107 lat do\u015bwiadczenia w bran\u017cy odzie\u017cowej, jako hurtownia oraz sklep internetowy oferujemy naszym klientom starannie wyselekcjonowan\u0105 odzie\u017c damsk\u0105 i dzieci\u0119c\u0105 najwy\u017cszej jako\u015bci. Przez lata obserwowali\u015bmy potrzeby rynku i zmieniaj\u0105ce si\u0119 trendy modowe, dzi\u0119ki czemu dzi\u015b mo\u017cemy proponowa\u0107 kolekcje, kt\u00f3re \u0142\u0105cz\u0105 nowoczesne fasony, atrakcyjn\u0105 kolorystyk\u0119 i doskona\u0142e wykonanie.<\/p>\n<p>W odr\u00f3\u017cnieniu od tradycyjnych hurtowni stacjonarnych, dzia\u0142amy w pe\u0142ni online, zapewniaj\u0105c szybk\u0105, wygodn\u0105 i profesjonaln\u0105 obs\u0142ug\u0119. Nasz system sprzeda\u017cy internetowej pozwala na sprawne realizowanie zam\u00f3wie\u0144 \u2014 wysy\u0142ka towar\u00f3w nast\u0119puje zazwyczaj w ci\u0105gu 48 godzin od z\u0142o\u017cenia zam\u00f3wienia.<\/p>\n<p>MILAHURT.COM to nie tylko szeroki wyb\u00f3r modnych ubra\u0144, ale r\u00f3wnie\u017c indywidualne podej\u015bcie do ka\u017cdego klienta. Jako sprawdzony i do\u015bwiadczony hurt odzie\u017cy dok\u0142adamy wszelkich stara\u0144, aby zakupy u nas by\u0142y szybkie, komfortowe i w pe\u0142ni satysfakcjonuj\u0105ce.<\/p>\t\t\t\t\t\t<\/div>\n\t\t\t\t<\/div>\n\t\t\t\t\t<\/div>\n\t\t<\/div>\n\t\t\t\t\t<\/div>\n\t\t<\/section>\n\t\t\t\t<section class=\"elementor-section elementor-top-section elementor-element elementor-element-4202385e elementor-section-boxed elementor-section-height-default elementor-section-height-default\" data-id=\"4202385e\" data-element_type=\"section\">\n\t\t\t\t\t\t<div class=\"elementor-container elementor-column-gap-extended\">\n\t\t\t\t\t<div class=\"elementor-column elementor-col-25 elementor-top-column elementor-element elementor-element-426bbfac\" data-id=\"426bbfac\" data-element_type=\"column\">\n\t\t\t<div class=\"elementor-widget-wrap\">\n\t\t\t\t\t\t\t<\/div>\n\t\t<\/div>\n\t\t\t\t<div class=\"elementor-column elementor-col-25 elementor-top-column elementor-element elementor-element-b4ff28e\" data-id=\"b4ff28e\" data-element_type=\"column\">\n\t\t\t<div class=\"elementor-widget-wrap elementor-element-populated\">\n\t\t\t\t\t\t<div class=\"elementor-element elementor-element-587b8304 elementor-widget elementor-widget-image\" data-id=\"587b8304\" data-element_type=\"widget\" data-widget_type=\"image.default\">\n\t\t\t\t<div class=\"elementor-widget-container\">\n\t\t\t\t\t\t\t\t\t\t\t\t\t<img decoding=\"async\" width=\"640\" height=\"426\" src=\"https:\/\/milahurt.com\/wp-content\/uploads\/2025\/11\/front-view-woman-holding-jacket-1024x681.jpg\" class=\"attachment-large size-large wp-image-302302\" alt=\"\" srcset=\"https:\/\/milahurt.com\/wp-content\/uploads\/2025\/11\/front-view-woman-holding-jacket-1024x681.jpg 1024w, https:\/\/milahurt.com\/wp-content\/uploads\/2025\/11\/front-view-woman-holding-jacket-300x200.jpg 300w, https:\/\/milahurt.com\/wp-content\/uploads\/2025\/11\/front-view-woman-holding-jacket-768x511.jpg 768w, https:\/\/milahurt.com\/wp-content\/uploads\/2025\/11\/front-view-woman-holding-jacket-1536x1022.jpg 1536w, https:\/\/milahurt.com\/wp-content\/uploads\/2025\/11\/front-view-woman-holding-jacket-2048x1363.jpg 2048w, https:\/\/milahurt.com\/wp-content\/uploads\/2025\/11\/front-view-woman-holding-jacket-600x399.jpg 600w\" sizes=\"(max-width: 640px) 100vw, 640px\" \/>\t\t\t\t\t\t\t\t\t\t\t\t\t<\/div>\n\t\t\t\t<\/div>\n\t\t\t\t\t<\/div>\n\t\t<\/div>\n\t\t\t\t<div class=\"elementor-column elementor-col-25 elementor-top-column elementor-element elementor-element-6f7cda36\" data-id=\"6f7cda36\" data-element_type=\"column\">\n\t\t\t<div class=\"elementor-widget-wrap elementor-element-populated\">\n\t\t\t\t\t\t<div class=\"elementor-element elementor-element-1c7fa477 elementor-widget elementor-widget-image\" data-id=\"1c7fa477\" data-element_type=\"widget\" data-widget_type=\"image.default\">\n\t\t\t\t<div class=\"elementor-widget-container\">\n\t\t\t\t\t\t\t\t\t\t\t\t\t<img decoding=\"async\" width=\"640\" height=\"427\" src=\"https:\/\/milahurt.com\/wp-content\/uploads\/2025\/11\/close-up-woman-searching-clothes-1024x683.jpg\" class=\"attachment-large size-large wp-image-302303\" alt=\"\" srcset=\"https:\/\/milahurt.com\/wp-content\/uploads\/2025\/11\/close-up-woman-searching-clothes-1024x683.jpg 1024w, https:\/\/milahurt.com\/wp-content\/uploads\/2025\/11\/close-up-woman-searching-clothes-300x200.jpg 300w, https:\/\/milahurt.com\/wp-content\/uploads\/2025\/11\/close-up-woman-searching-clothes-768x512.jpg 768w, https:\/\/milahurt.com\/wp-content\/uploads\/2025\/11\/close-up-woman-searching-clothes-1536x1024.jpg 1536w, https:\/\/milahurt.com\/wp-content\/uploads\/2025\/11\/close-up-woman-searching-clothes-2048x1365.jpg 2048w, https:\/\/milahurt.com\/wp-content\/uploads\/2025\/11\/close-up-woman-searching-clothes-600x400.jpg 600w\" sizes=\"(max-width: 640px) 100vw, 640px\" \/>\t\t\t\t\t\t\t\t\t\t\t\t\t<\/div>\n\t\t\t\t<\/div>\n\t\t\t\t\t<\/div>\n\t\t<\/div>\n\t\t\t\t<div class=\"elementor-column elementor-col-25 elementor-top-column elementor-element elementor-element-ec1b91a\" data-id=\"ec1b91a\" data-element_type=\"column\">\n\t\t\t<div class=\"elementor-widget-wrap\">\n\t\t\t\t\t\t\t<\/div>\n\t\t<\/div>\n\t\t\t\t\t<\/div>\n\t\t<\/section>\n\t\t\t\t<\/div>\n\t\t","protected":false},"excerpt":{"rendered":"<p>INFORMACJE O SKLEPIE Mila Hurt Maj\u0105c prawie dziesi\u0119\u0107 lat do\u015bwiadczenia w bran\u017cy odzie\u017cowej, jako hurtownia oraz sklep internetowy oferujemy naszym klientom starannie wyselekcjonowan\u0105 odzie\u017c damsk\u0105 i dzieci\u0119c\u0105 najwy\u017cszej jako\u015bci. Przez lata obserwowali\u015bmy potrzeby rynku i zmieniaj\u0105ce si\u0119 trendy modowe, dzi\u0119ki czemu dzi\u015b mo\u017cemy proponowa\u0107 kolekcje, kt\u00f3re \u0142\u0105cz\u0105 nowoczesne fasony, atrakcyjn\u0105 kolorystyk\u0119 i doskona\u0142e wykonanie. W [&hellip;]<\/p>\n","protected":false},"author":1,"featured_media":0,"parent":0,"menu_order":0,"comment_status":"closed","ping_status":"closed","template":"","meta":{"footnotes":""},"acf":[],"yoast_head":"<!-- This site is optimized with the Yoast SEO plugin v22.6 - https:\/\/yoast.com\/wordpress\/plugins\/seo\/ -->\n<title>O Nas - Mila Hurt<\/title>\n<meta name=\"robots\" content=\"index, follow, max-snippet:-1, max-image-preview:large, max-video-preview:-1\" \/>\n<link rel=\"canonical\" href=\"https:\/\/milahurt.com\/index.php\/o-nas\/\" \/>\n<meta property=\"og:locale\" content=\"pl_PL\" \/>\n<meta property=\"og:type\" content=\"article\" \/>\n<meta property=\"og:title\" content=\"O Nas - Mila Hurt\" \/>\n<meta property=\"og:description\" content=\"INFORMACJE O SKLEPIE Mila Hurt Maj\u0105c prawie dziesi\u0119\u0107 lat do\u015bwiadczenia w bran\u017cy odzie\u017cowej, jako hurtownia oraz sklep internetowy oferujemy naszym klientom starannie wyselekcjonowan\u0105 odzie\u017c damsk\u0105 i dzieci\u0119c\u0105 najwy\u017cszej jako\u015bci. Przez lata obserwowali\u015bmy potrzeby rynku i zmieniaj\u0105ce si\u0119 trendy modowe, dzi\u0119ki czemu dzi\u015b mo\u017cemy proponowa\u0107 kolekcje, kt\u00f3re \u0142\u0105cz\u0105 nowoczesne fasony, atrakcyjn\u0105 kolorystyk\u0119 i doskona\u0142e wykonanie. W [&hellip;]\" \/>\n<meta property=\"og:url\" content=\"https:\/\/milahurt.com\/index.php\/o-nas\/\" \/>\n<meta property=\"og:site_name\" content=\"Mila Hurt\" \/>\n<meta property=\"article:publisher\" content=\"https:\/\/www.facebook.com\/profile.php?id=100085213362965\" \/>\n<meta property=\"article:modified_time\" content=\"2025-11-08T12:23:14+00:00\" \/>\n<meta property=\"og:image\" content=\"https:\/\/milahurt.com\/mila\/wp-content\/uploads\/2025\/11\/hangers-1850082_1280-1024x682.jpg\" \/>\n<meta name=\"twitter:card\" content=\"summary_large_image\" \/>\n<meta name=\"twitter:label1\" content=\"Szacowany czas czytania\" \/>\n\t<meta name=\"twitter:data1\" content=\"2 minuty\" \/>\n<script type=\"application\/ld+json\" class=\"yoast-schema-graph\">{\"@context\":\"https:\/\/schema.org\",\"@graph\":[{\"@type\":\"WebPage\",\"@id\":\"https:\/\/milahurt.com\/index.php\/o-nas\/\",\"url\":\"https:\/\/milahurt.com\/index.php\/o-nas\/\",\"name\":\"O Nas - Mila Hurt\",\"isPartOf\":{\"@id\":\"https:\/\/milahurt.com\/#website\"},\"primaryImageOfPage\":{\"@id\":\"https:\/\/milahurt.com\/index.php\/o-nas\/#primaryimage\"},\"image\":{\"@id\":\"https:\/\/milahurt.com\/index.php\/o-nas\/#primaryimage\"},\"thumbnailUrl\":\"https:\/\/milahurt.com\/mila\/wp-content\/uploads\/2025\/11\/hangers-1850082_1280-1024x682.jpg\",\"datePublished\":\"2020-10-13T09:00:26+00:00\",\"dateModified\":\"2025-11-08T12:23:14+00:00\",\"breadcrumb\":{\"@id\":\"https:\/\/milahurt.com\/index.php\/o-nas\/#breadcrumb\"},\"inLanguage\":\"pl-PL\",\"potentialAction\":[{\"@type\":\"ReadAction\",\"target\":[\"https:\/\/milahurt.com\/index.php\/o-nas\/\"]}]},{\"@type\":\"ImageObject\",\"inLanguage\":\"pl-PL\",\"@id\":\"https:\/\/milahurt.com\/index.php\/o-nas\/#primaryimage\",\"url\":\"https:\/\/milahurt.com\/mila\/wp-content\/uploads\/2025\/11\/hangers-1850082_1280-1024x682.jpg\",\"contentUrl\":\"https:\/\/milahurt.com\/mila\/wp-content\/uploads\/2025\/11\/hangers-1850082_1280-1024x682.jpg\"},{\"@type\":\"BreadcrumbList\",\"@id\":\"https:\/\/milahurt.com\/index.php\/o-nas\/#breadcrumb\",\"itemListElement\":[{\"@type\":\"ListItem\",\"position\":1,\"name\":\"Strona g\u0142\u00f3wna\",\"item\":\"https:\/\/milahurt.com\/\"},{\"@type\":\"ListItem\",\"position\":2,\"name\":\"O Nas\"}]},{\"@type\":\"WebSite\",\"@id\":\"https:\/\/milahurt.com\/#website\",\"url\":\"https:\/\/milahurt.com\/\",\"name\":\"Mila Hurt\",\"description\":\"Hurtownia internetowa\",\"publisher\":{\"@id\":\"https:\/\/milahurt.com\/#organization\"},\"potentialAction\":[{\"@type\":\"SearchAction\",\"target\":{\"@type\":\"EntryPoint\",\"urlTemplate\":\"https:\/\/milahurt.com\/?s={search_term_string}\"},\"query-input\":\"required name=search_term_string\"}],\"inLanguage\":\"pl-PL\"},{\"@type\":\"Organization\",\"@id\":\"https:\/\/milahurt.com\/#organization\",\"name\":\"Mila Hurt\",\"url\":\"https:\/\/milahurt.com\/\",\"logo\":{\"@type\":\"ImageObject\",\"inLanguage\":\"pl-PL\",\"@id\":\"https:\/\/milahurt.com\/#\/schema\/logo\/image\/\",\"url\":\"https:\/\/wolka24hurtownia.pl\/wp-content\/uploads\/2023\/08\/2.png\",\"contentUrl\":\"https:\/\/wolka24hurtownia.pl\/wp-content\/uploads\/2023\/08\/2.png\",\"width\":1000,\"height\":1000,\"caption\":\"Mila Hurt\"},\"image\":{\"@id\":\"https:\/\/milahurt.com\/#\/schema\/logo\/image\/\"},\"sameAs\":[\"https:\/\/www.facebook.com\/profile.php?id=100085213362965\"]}]}<\/script>\n<!-- \/ Yoast SEO plugin. -->","yoast_head_json":{"title":"O Nas - Mila Hurt","robots":{"index":"index","follow":"follow","max-snippet":"max-snippet:-1","max-image-preview":"max-image-preview:large","max-video-preview":"max-video-preview:-1"},"canonical":"https:\/\/milahurt.com\/index.php\/o-nas\/","og_locale":"pl_PL","og_type":"article","og_title":"O Nas - Mila Hurt","og_description":"INFORMACJE O SKLEPIE Mila Hurt Maj\u0105c prawie dziesi\u0119\u0107 lat do\u015bwiadczenia w bran\u017cy odzie\u017cowej, jako hurtownia oraz sklep internetowy oferujemy naszym klientom starannie wyselekcjonowan\u0105 odzie\u017c damsk\u0105 i dzieci\u0119c\u0105 najwy\u017cszej jako\u015bci. Przez lata obserwowali\u015bmy potrzeby rynku i zmieniaj\u0105ce si\u0119 trendy modowe, dzi\u0119ki czemu dzi\u015b mo\u017cemy proponowa\u0107 kolekcje, kt\u00f3re \u0142\u0105cz\u0105 nowoczesne fasony, atrakcyjn\u0105 kolorystyk\u0119 i doskona\u0142e wykonanie. W [&hellip;]","og_url":"https:\/\/milahurt.com\/index.php\/o-nas\/","og_site_name":"Mila Hurt","article_publisher":"https:\/\/www.facebook.com\/profile.php?id=100085213362965","article_modified_time":"2025-11-08T12:23:14+00:00","og_image":[{"url":"https:\/\/milahurt.com\/mila\/wp-content\/uploads\/2025\/11\/hangers-1850082_1280-1024x682.jpg"}],"twitter_card":"summary_large_image","twitter_misc":{"Szacowany czas czytania":"2 minuty"},"schema":{"@context":"https:\/\/schema.org","@graph":[{"@type":"WebPage","@id":"https:\/\/milahurt.com\/index.php\/o-nas\/","url":"https:\/\/milahurt.com\/index.php\/o-nas\/","name":"O Nas - Mila Hurt","isPartOf":{"@id":"https:\/\/milahurt.com\/#website"},"primaryImageOfPage":{"@id":"https:\/\/milahurt.com\/index.php\/o-nas\/#primaryimage"},"image":{"@id":"https:\/\/milahurt.com\/index.php\/o-nas\/#primaryimage"},"thumbnailUrl":"https:\/\/milahurt.com\/mila\/wp-content\/uploads\/2025\/11\/hangers-1850082_1280-1024x682.jpg","datePublished":"2020-10-13T09:00:26+00:00","dateModified":"2025-11-08T12:23:14+00:00","breadcrumb":{"@id":"https:\/\/milahurt.com\/index.php\/o-nas\/#breadcrumb"},"inLanguage":"pl-PL","potentialAction":[{"@type":"ReadAction","target":["https:\/\/milahurt.com\/index.php\/o-nas\/"]}]},{"@type":"ImageObject","inLanguage":"pl-PL","@id":"https:\/\/milahurt.com\/index.php\/o-nas\/#primaryimage","url":"https:\/\/milahurt.com\/mila\/wp-content\/uploads\/2025\/11\/hangers-1850082_1280-1024x682.jpg","contentUrl":"https:\/\/milahurt.com\/mila\/wp-content\/uploads\/2025\/11\/hangers-1850082_1280-1024x682.jpg"},{"@type":"BreadcrumbList","@id":"https:\/\/milahurt.com\/index.php\/o-nas\/#breadcrumb","itemListElement":[{"@type":"ListItem","position":1,"name":"Strona g\u0142\u00f3wna","item":"https:\/\/milahurt.com\/"},{"@type":"ListItem","position":2,"name":"O Nas"}]},{"@type":"WebSite","@id":"https:\/\/milahurt.com\/#website","url":"https:\/\/milahurt.com\/","name":"Mila Hurt","description":"Hurtownia internetowa","publisher":{"@id":"https:\/\/milahurt.com\/#organization"},"potentialAction":[{"@type":"SearchAction","target":{"@type":"EntryPoint","urlTemplate":"https:\/\/milahurt.com\/?s={search_term_string}"},"query-input":"required name=search_term_string"}],"inLanguage":"pl-PL"},{"@type":"Organization","@id":"https:\/\/milahurt.com\/#organization","name":"Mila Hurt","url":"https:\/\/milahurt.com\/","logo":{"@type":"ImageObject","inLanguage":"pl-PL","@id":"https:\/\/milahurt.com\/#\/schema\/logo\/image\/","url":"https:\/\/wolka24hurtownia.pl\/wp-content\/uploads\/2023\/08\/2.png","contentUrl":"https:\/\/wolka24hurtownia.pl\/wp-content\/uploads\/2023\/08\/2.png","width":1000,"height":1000,"caption":"Mila Hurt"},"image":{"@id":"https:\/\/milahurt.com\/#\/schema\/logo\/image\/"},"sameAs":["https:\/\/www.facebook.com\/profile.php?id=100085213362965"]}]}},"_links":{"self":[{"href":"https:\/\/milahurt.com\/index.php\/wp-json\/wp\/v2\/pages\/633"}],"collection":[{"href":"https:\/\/milahurt.com\/index.php\/wp-json\/wp\/v2\/pages"}],"about":[{"href":"https:\/\/milahurt.com\/index.php\/wp-json\/wp\/v2\/types\/page"}],"author":[{"embeddable":true,"href":"https:\/\/milahurt.com\/index.php\/wp-json\/wp\/v2\/users\/1"}],"replies":[{"embeddable":true,"href":"https:\/\/milahurt.com\/index.php\/wp-json\/wp\/v2\/comments?post=633"}],"version-history":[{"count":0,"href":"https:\/\/milahurt.com\/index.php\/wp-json\/wp\/v2\/pages\/633\/revisions"}],"wp:attachment":[{"href":"https:\/\/milahurt.com\/index.php\/wp-json\/wp\/v2\/media?parent=633"}],"curies":[{"name":"wp","href":"https:\/\/api.w.org\/{rel}","templated":true}]}}